8095?
8
What is the hundred millions digit of 1204984290?
2
What is the billions digit of 2811946750?
2
What is the billions digit of 1842175521?
1
What is the billions digit of 4946148244?
4
What is the thousands digit of 853178350?
8
What is the hundreds digit of 1696575565?
5
What is the ten thousands digit of 49207409?
0
What is the thousands digit of 61255877?
5
What is the ten thousands digit of 194500387?
0
What is the hundred thousands digit of 1279383783?
3
What is the ten thousands digit of 485648202?
4
What is the billions digit of 1404713544?
1
What is the hundred millions digit of 1011873936?
0
What is the hundreds digit of 71507090?
0
What is the units digit of 1065142613?
3
What is the hundred thousands digit of 726533724?
5
What is the tens digit of 68414569?
6
What is the ten thousands digit of 1244982356?
8
What is the hundred millions digit of 933674097?
9
What is the thousands digit of 740590142?
0
What is the units digit of 3484539?
9
What is the ten thousands digit of 341432574?
3
What is the hundred millions digit of 1084014188?
0
What is the tens digit of 45206576?
7
What is the ten thousands digit of 227010533?
1
What is the ten millions digit of 636233694?
3
What is the ten thousands digit of 3941673316?
7
What is the hundred millions digit of 662354208?
6
What is the billions digit of 1467529232?
1
What is the tens digit of 319569329?
2
What is the millions digit of 402748871?
2
What is the hundreds digit of 220057852?
8
What is the ten thousands digit of 114053418?
5
What is the millions digit of 139096094?
9
What is the hundred millions digit of 127864243?
1
What is the ten millions digit of 2956021576?
5
What is the ten millions digit of 1375136496?
7
What is the units digit of 226752547?
7
What is the units digit of 100908338?
8
What is the ten millions digit of 1055583243?
5
What is the units digit of 32622483?
3
What is the tens digit of 69702398?
9
What is the tens digit of 27685023?
2
What is the thousands digit of 834584099?
4
What is the tens digit of 1062519158?
5
What is the hundred millions digit of 273594848?
2
What is the tens digit of 41535527?
2
What is the millions digit of 5836185289?
6
What is the tens digit of 708522308?
0
What is the thousands digit of 1155500515?
0
What is the tens digit of 86311021?
2
What is the hundred thousands digit of 41726588?
7
What is the ten thousands digit of 148582503?
8
What is the hundreds digit of 938508579?
5
What is the tens digit of 232173893?
9
What is the hundreds digit of 191556159?
1
What is the hundred thousands digit of 811897304?
8
What is the millions digit of 2346335057?
6
What is the millions digit of 5966503965?
6
What is the millions digit of 247564049?
7
What is the ten millions digit of 380359514?
8
What is the millions digit of 9619765?
9
What is the hundreds digit of 4530591658?
6
What is the millions digit of 130832232?
0
What is the hundred thousands digit of 135695679?
6
What is the units digit of 7809384106?
6
What is the hundred millions digit of 1599421112?
5
What is the ten millions digit of 3987404825?
8
What is the ten millions digit of 2439938954?
3
What is the ten millions digit of 97177847?
9
What is the ten thousands digit of 427993271?
9
What is the ten thousands digit of 27306034?
0
What is the hundred thousands digit of 34147978?
1
What is the hundreds digit of 13928492?
4
What is the hundred millions digit of 541232620?
5
What is the hundred thousands digit of 1205979471?
9
What is the units digit of 57167236?
6
What is the tens digit of 921973346?
4
What is the hundred millions digit of 867441770?
8
What is the tens digit of 110095269?
6
What is the ten thousands digit of 564779466?
7
What is the ten millions digit of 378652350?
7
What is the hundreds digit of 6222639?
6
What is the thousands digit of 50547142?
7
What is the hundred thousands digit of 4380236066?
2
What is the tens digit of 2842070893?
9
What is the tens digit of 1614693453?
5
What is the thousands digit of 26968732?
8
What is the hundred thousands digit of 411009381?
0
What is the units digit of 20785591?
1
What is the hundreds digit of 6150758?
7
What is the ten thousands digit of 27877734?
7
What is the hundred thousands digit of 1161537315?
5
What is the hundred millions digit of 4204675854?
2
What is the units digit of 29269748?
8
What is the ten millions digit of 55652766?
5
What is the millions digit of 180746540?
0
What is the hundred thousands digit of 47537100?
5
What is the thousands digit of 141185959?
5
What is the tens digit of 193972716?
1
What is the ten thousands digit of 96181986?
8
What is the hundreds digit of 185166528?
5
What is the units digit of 24750402?
2
What is the ten millions digit of 902258580?
0
What is the millions digit of 386014392?
6
What is the hundred millions digit of 2993682891?
9
What is the hundreds digit of 16713296?
2
What is the hundred thousands digit of 1519551503?
5
What is the ten millions digit of 315880357?
1
What is the units digit of 79650910?
0
What is the ten thousands digit of 146320662?
2
What is the hundreds digit of 668478521?
5
What is the millions digit of 726094128?
6
What is the ten millions digit of 51257642?
5
What is the units digit of 29201734?
4
What is the millions digit of 46813267?
6
What is the tens digit of 441447532?
3
What is the hundreds digit of 89254447?
4
What is the units digit of 6048253319?
9
What is the units digit of 77853962?
2
What is the hundreds digit of 92492588?
5
What is the thousands digit of 44937064?
7
What is the hundred thousands digit of 37357120?
3
What is the ten millions digit of 4806265428?
0
What is the millions digit of 349630371?
9
What is the ten thousands digit of 1428036950?
3
What is the tens digit of 3437066157?
5
What is the hundreds digit of 16969085?
0
What is the hundred millions digit of 171013002?
1
What is the hundred millions digit of 675177472?
6
What is the millions digit of 39773442?
9
What is the units digit of 92846506?
6
What is the thousands digit of 438667993?
7
What is the millions digit of 7375289?
7
What is the units digit of 93819469?
9
What is the ten thousands digit of 40274211?
7
What is the hundreds digit of 13560665?
6
What is the ten thousands digit of 38359454?
5
What is the ten millions digit of 21377253?
2
What is the hundreds digit of 264209812?
8
What is the millions digit of 47142727?
7
What is the ten thousands digit of 1019469279?
6
What is the hundred millions digit of 106283402?
1
What is the hundreds digit of 2302692564?
5
What is the hundreds digit of 3978976221?
2
What is the tens digit of 63789078?
7
What is the ten millions digit of 2413661292?
1
What is the ten thousands digit of 565228062?
2
What is the hundred thousands digit of 41541362?
5
What is the units digit of 4548544523?
3
What is the tens digit of 134951815?
1
What is the units digit of 220868384?
4
What is the hundreds digit of 66851973?
9
What is the units digit of 560933265?
5
What is the tens digit of 3604948270?
7
What is the thousands digit of 18261346?
1
What is the tens digit of 326196743?
4
What is the millions digit of 55538218?
5
What is the ten thousands digit of 50659326?
5
What is the millions digit of 127449832?
7
What is the hundred millions digit of 2035633305?
0
What is the ten thousands digit of 34578195?
7
What is the ten millions digit of 520943663?
2
What is the hundreds digit of 51579820?
8
What is the hundred millions digit of 246210822?
2
What is the units digit of 5213372?
2
What is the tens digit of 76714414?
1
What is the millions digit of 565993749?
5
What is the hundred thousands digit of 5140370681?
3
What is the hundred millions digit of 471378038?
4
What is the hundreds digit of 942724739?
7
What is the tens digit of 1134154604?
0
What is the hundreds digit of 933262797?
7
What is the hundreds digit of 104947220?
2
What is the thousands digit of 3759908552?
8
What is the ten millions digit of 1525946402?
2
What is the units digit of 70675218?
8
What is the thousands digit of 7165662996?
2
What is the hundred millions digit of 107966339?
1
What is the tens digit of 1036188?
8
What is the thousands digit of 58393463?
3
What is the ten millions digit of 189566810?
8
What is the units digit of 31241770?
0
What is the 